?
2
Suppose 2*v + 4*v - 24 = 0. Suppose 3*s = 5*s - r - 111, -v*s - 2*r = -226. Let l = 18 + s. What is the units digit of l?
4
Let q be (-2*8494/8)/((-2)/8). Suppose 52 = -14*a + q. What is the units digit of a?
3
Suppose -24*v + 323032 - 26724 = -635420. What is the ten thousands digit of v?
3
Let m(u) be the second derivative of -u**5/20 + 3*u**4/4 - 3*u**3/2 + 15*u**2/2 - 25*u - 1. What is the units digit of m(7)?
0
Let h(p) = -571*p - 72. Let z be h(-12). What is the units digit of 48/(-264) - z/(-22)?
8
Let q = 42 - 46. Let o be 258/(-2) + 15/(q + -1). Let n = o - -191. What is the units digit of n?
9
Let t be 5/(30/(-3)) + 2/4. Suppose t = -0*q + q - 260. Suppose -q = -9*c + 4*c. What is the units digit of c?
2
Let p(q) = -3802*q + 204. What is the tens digit of p(-3)?
1
Suppose 2*x - 12*x + 50 = 0. Let r(y) = 4*y**3 - 9*y**2 + 6*y - 2. What is the units digit of r(x)?
3
What is the units digit of 706/((-12)/(432/(-9)))?
4
Let c = 46651 - 30199. What is the units digit of c?
2
Let a(y) = y**3 - 22*y**2 - 9*y + 2. Let r be a(22). Let o = r - -377. What is the hundreds digit of o?
1
Let b = -41155 + 78330. What is the thousands digit of b?
7
Let c(d) = -2*d**2 + 10*d + 15. Let a be c(6). Let q(z) = 13*z**2 - 5*z + 24. What is the tens digit of q(a)?
2
Suppose -u + o + 1 + 4 = 0, u + 4*o + 20 = 0. Suppose u = 5*w + 1 - 16. Suppose -j = -3*b + 33, -46 = -w*b - b + 2*j. What is the units digit of b?
0
What is the ten thousands digit of (129/(-18) - (-55)/330) + 14132?
1
Let w(a) = 1395*a**2 + 111*a + 220. What is the hundreds digit of w(-2)?
5
Let z = 34466 - 22634. What is the units digit of z?
2
Suppose 3*s - 11*r = -15*r - 792, -3*r - 792 = 3*s. Let y = s + 369. What is the units digit of y?
5
Suppose -42373 = -290*o + 285*o - 8*m, 4*o + m = 33893. What is the thousands digit of o?
8
What is the units digit of 13/((-39)/24) + 0 + 4421?
3
Let j be (-10)/(2/(-44)*4/8). Let x = 1034 + j. What is the tens digit of x?
7
Suppose 3*l - 10 = -2*l, 4*g + 130 = l. Let c be (g/40)/(2/(-5)) - 14. Let a(f) = -4*f + 43. What is the units digit of a(c)?
1
Let d = -1368 - -27044. What is the tens digit of d?
7
Let q = 16 - -2. Let p = -171 + -106. What is the units digit of p/(-9) - (-4)/q?
1
Suppose 3*n - 8 = 4*x + 25, -4*x = -4*n + 28. What is the tens digit of 3/x*0 - 2410/(-2)?
0
Suppose 8*m + 5*m - 23660 = 0. Suppose 3*o - 790 = m. Suppose 6*g - o - 132 = 0. What is the tens digit of g?
6
Let r(q) be the second derivative of q**4/12 - 23*q**3/6 - 12*q**2 + 6*q + 20. What is the tens digit of r(-19)?
7
Let v = -158 - -116. Let r = -21 - v. What is the units digit of r?
1
Let c = 706 + 174. What is the hundreds digit of c?
8
Let a = -30 + -60. Let v = a - -202. What is the hundreds digit of v?
1
Let n(s) = 4*s**2 - 5*s + 274. Let d(j) = -11*j**2 + 14*j - 822. Let z(m) = -3*d(m) - 8*n(m). What is the units digit of z(0)?
4
Let n = 107378 - 70622. What is the hundreds digit of n?
7
What is the tens digit of ((-11214)/35)/9*-140?
8
Suppose 0*p + p - 4 = 0. Suppose -p*q + 1234 = -598. What is the tens digit of q?
5
Suppose -37660 = -a - 6*a. What is the units digit of a?
0
Let g(u) = 49*u**2 - 11*u - 2. Let j be g(1). Suppose 0 = m, -3*l - m + 39 = -j. What is the tens digit of l?
2
Let q be (-4738)/(-14) - (13 + (-792)/63). Suppose u = -3*o + q, -2*o + 333 = -2*u + 3*u. What is the hundreds digit of u?
3
Let p(r) = -r**3 - 24*r**2 - 32*r + 62. Let w(l) = -2*l**2 + 15*l + 13. Let d be w(-2). What is the hundreds digit of p(d)?
4
What is the hundreds digit of 1 + 7 + (18897 - 74)?
8
Let i(f) be the third derivative of f**4/8 + f**3 + 9*f**2. Let a be i(6). Suppose -48 = -r + a. What is the tens digit of r?
7
Let c(l) = l**3 + 59*l**2 + 243*l + 37. What is the ten thousands digit of c(-50)?
1
Suppose 7159 = 12*s - 7616 - 5661. What is the thousands digit of s?
1
Suppose -23*j + 22*j - 2*d - 164 = 0, j - 5*d = -171. Let a = 487 + j. What is the tens digit of a?
2
Let z(r) = -591*r + 1743. Let o(b) = 37*b - 109. Let i(j) = -33*o(j) - 2*z(j). What is the hundreds digit of i(-17)?
7
Let v(t) = -7*t**3 + 2*t**2 + 3*t - 4. Let p be v(1). What is the units digit of (1*(-32)/40)/(p/1575)?
0
Let v = 54 + -82. Let x be (-11)/(-4) - (-5 + (-161)/v). Suppose -c = 3*c - 5*o - 580, 308 = 2*c + x*o. What is the units digit of c?
0
Let g(s) = -135*s + 3. Suppose 38 = -3*k + 29. Let d be g(k). Suppose -8*p + 10*p = d. What is the hundreds digit of p?
2
Let b(x) = 9*x**2 - 30*x - 12. Let f be b(11). Suppose f*q - 3057 = 744*q. What is the tens digit of q?
1
Suppose 0 = -3*h - 2*k - 0*k + 276, 3*h - 276 = 3*k. Let c = -90 + h. Suppose 4*d + 2*u - 300 = 562, c*d = -2*u + 426. What is the tens digit of d?
1
Suppose h - 7434 = 3*p - p, 29684 = 4*h + 5*p. What is the thousands digit of h?
7
Suppose -991 = -2*a + 47. Let r = -135 + a. What is the tens digit of r?
8
Suppose 1342*i - 1332*i = 120. Suppose i = -0*k - 3*k, 1551 = c + 4*k. What is the tens digit of c?
6
Let i(r) = -2*r**3 + r**2 + r + 3. Let z be i(2). Let t be 20/(-6) - z/21. What is the units digit of 2304/45 - t/(-15)?
1
Suppose 99*k - 9*k - 1046070 = 0. What is the tens digit of k?
2
Suppose 0 = 10*l - 8*l - 90. Let a be ((-306)/l)/((-2)/5). Let k(j) = j**3 - 18*j**2 + 18*j + 11. What is the units digit of k(a)?
8
Let j be (-2)/9 + 332/36 + 2. Suppose -k - m + j = -4*m, 4*k + 3*m - 14 = 0. Suppose 15 + 251 = 2*i - 4*r, -k*r = 4*i - 532. What is the hundreds digit of i?
1
Let z = 2823 - 3122. Suppose -1389 = -6*f + 3*f. Let c = z + f. What is the tens digit of c?
6
Suppose u - 43 = -3*d - 1, 213 = 4*u + 3*d. Let l = -3797 - -3842. Suppose 0 = 2*n - u - l. What is the tens digit of n?
5
Let k(u) = -63*u + 47. Let a be k(-12). What is the hundreds digit of -2*1 + (a - 8)?
7
Let t = 24580 + -14723. What is the tens digit of t?
5
Suppose -216057 = -5*a - 11*j, j - 216096 = -5*a + 3*j. What is the units digit of a?
8
What is the thousands digit of (-8)/(2 - 1)*190050/(-105)?
4
Let u be ((-5)/(-15))/(2/174). Let f = u - 26. Suppose f*z + 122 = 2*b - 0*b, 0 = 3*b - z - 197. What is the tens digit of b?
6
Let k be 28/7 - (0/1 + -588). Suppose -i + 1771 = 3*o + k, -5*o = -i + 1139. What is the units digit of i?
4
Let z(k) = 8*k - 49. Let d be z(8). What is the hundreds digit of 276 + ((-2)/(-3))/((-2)/d)?
2
Let v be ((-3 - -1) + 3)*-260. Suppose -2*q - 778 = 2*z, 16*z - 19*z + 1542 = -4*q. Let c = v - q. What is the tens digit of c?
2
Let f = 894 - 460. Suppose 44*c - f = 42*c. What is the tens digit of c?
1
Let s(n) = 3*n**2 + 86*n - 240. What is the thousands digit of s(-95)?
8
Let h be (10/5)/((-6)/81). Let s = 23 + h. What is the units digit of (60/8)/(13/(-4) - s)?
0
Let y(o) be the first derivative of -3*o**4/4 - o**3/2 + 12*o**2 + 17. Let r(a) be the second derivative of y(a). What is the units digit of r(-9)?
9
Let p = 166 + -162. Suppose m = -p, 5*b - 307 = 2*m + 681. What is the tens digit of b?
9
Let i be 22/7 - (-13)/(-91). Let t(k) = -i - 28*k**2 - 20*k**2 + 56*k**2 - 1. What is the tens digit of t(-4)?
2
Let a(v) = -v + 46. Let k be a(28). Suppose 0 = k*j + 5*j - 15870. What is the hundreds digit of j?
6
Let n(f) = -9*f + 1. Let m(l) = -18*l + 3. Let j(s) = -4*m(s) + 9*n(s). Let v be j(-1). Suppose 0 = u + v - 114. What is the tens digit of u?
0
Let a(s) = 43*s - 190. Let o be a(-14). Let h = o + 1810. What is the units digit of h?
8
Let p(v) = 132*v**2 + 2*v - 4*v + v - 20 - 120*v**2. What is the hundreds digit of p(7)?
5
Suppose -23*z = -259414 + 33531. What is the thousands digit of z?
9
Suppose 26*x - 19026 = -3*y + 22*x, -3*x = y - 6347. What is the thousands digit of y?
6
Let w(x) = -38*x**3 - 20*x**2 + x - 10. Let j be w(-5). Suppose -4*c = -5*l - 3352, 3*c + 2*c + 5*l - j = 0. What is the hundreds digit of c?
8
Suppose -2*k = -6, -3*k = 3*z - 13176 - 12159. What is the tens digit of z?
4
Suppose -3*q = c - 1 + 16, -3*q + 4*c = 0. Let p be 3*(q + 6) + -3. Suppose 4*g = -5*m + 697 - 47, -2*g - 368 = -p*m. What is the units digit of m?
6
Let a(y) = -12*y + 1592. What is the units digit of a(-12)?
6
Let v = 20360 + -11618. What is the tens digit of v?
4
Suppose 2*g - 2*n = -9 - 7, -3*g - 3*n = 48. Suppose -4*b + 42 = -54. Let c = b - g. What is the units digit of c?
6
Suppose -14*r - 30 = -9*r. Let t b